{"id":17,"date":"2018-08-29T03:18:22","date_gmt":"2018-08-29T03:18:22","guid":{"rendered":"http:\/\/www.osmickasobe.cz\/?page_id=17"},"modified":"2022-09-13T19:22:36","modified_gmt":"2022-09-13T19:22:36","slug":"o-nas","status":"publish","type":"page","link":"https:\/\/www.osmickasobe.cz\/index.php\/o-nas\/","title":{"rendered":"O n\u00e1s"},"content":{"rendered":"\n<p>Osmi\u010dka sob\u011b je jednak n\u00e1zev a jednak voln\u00e9 sdru\u017een\u00ed aktivn\u00edch lid\u00ed z Prahy 8, kte\u0159\u00ed usiluj\u00ed, usiluj\u00ed o to, aby Praha 8 byla p\u0159\u00e1telsk\u00fdm a lep\u0161\u00edm m\u00edstem k \u017eivotu.<\/p>\n\n\n\n<p>Osmi\u010dka sob\u011b vznikla v roce 2012 jako iniciativa lid\u00ed, kte\u0159\u00ed protestovali proti stavb\u011b radnice a obcho\u010f\u00e1ku na Palmovce bez projedn\u00e1n\u00ed s ob\u010dany a architektonick\u00e9 sout\u011b\u017ee. V t\u00e9m\u017ee roce jsme se pod\u00edleli na petici proti t\u00e9to stavb\u011b, kterou podepsalo v\u00edce ne\u017e 1 100 ob\u010dan\u016f. Spole\u010dn\u011b s dal\u0161\u00edmi sousedy jsme za\u010dali s\u00e1zet kv\u011btiny na ulic\u00edch. Osmi\u010dka sob\u011b a petice proti stavb\u011b radnice v Praze 8 inspirovaly k podobn\u00e9 aktivit\u011b v Hole\u0161ovic\u00edch a k zalo\u017een\u00ed Prahy 7 sob\u011b. V roce 2014 \u0161la Osmi\u010dka sob\u011b poprv\u00e9 do voleb spole\u010dn\u011b s KDU-\u010cSL a nestran\u00edky a z\u00edskala 4 mand\u00e1ty. V roce 2018 zast\u0159e\u0161ila koalici Zelen\u00fdch, KDU-\u010cSL a nestran\u00edk\u016f (zisk 3 mand\u00e1t\u016f).<\/p>\n","protected":false},"excerpt":{"rendered":"<p>Osmi\u010dka sob\u011b je jednak n\u00e1zev a jednak voln\u00e9 sdru\u017een\u00ed aktivn\u00edch lid\u00ed z Prahy 8, kte\u0159\u00ed usiluj\u00ed, usiluj\u00ed o to, aby Praha 8 byla p\u0159\u00e1telsk\u00fdm a lep\u0161\u00edm m\u00edstem k \u017eivotu. Osmi\u010dka sob\u011b vznikla v roce 2012 jako iniciativa lid\u00ed, kte\u0159\u00ed protestovali proti stavb\u011b radnice a obcho\u010f\u00e1ku na Palmovce bez projedn\u00e1n\u00ed s ob\u010dany a architektonick\u00e9 sout\u011b\u017ee. V &hellip; <a href=\"https:\/\/www.osmickasobe.cz\/index.php\/o-nas\/\" class=\"more-link\">Pokra\u010dov\u00e1n\u00ed textu <span class=\"screen-reader-text\">O n\u00e1s<\/span><\/a><\/p>\n","protected":false},"author":1,"featured_media":2501,"parent":0,"menu_order":0,"comment_status":"closed","ping_status":"closed","template":"","meta":[],"uagb_featured_image_src":{"full":["https:\/\/www.osmickasobe.cz\/wp-content\/uploads\/2022\/08\/Koalice_KDU-3.jpg",1500,1000,false],"thumbnail":["https:\/\/www.osmickasobe.cz\/wp-content\/uploads\/2022\/08\/Koalice_KDU-3-150x150.jpg",150,150,true],"medium":["https:\/\/www.osmickasobe.cz\/wp-content\/uploads\/2022\/08\/Koalice_KDU-3-300x200.jpg",300,200,true],"medium_large":["https:\/\/www.osmickasobe.cz\/wp-content\/uploads\/2022\/08\/Koalice_KDU-3-768x512.jpg",660,440,true],"large":["https:\/\/www.osmickasobe.cz\/wp-content\/uploads\/2022\/08\/Koalice_KDU-3-1024x683.jpg",660,440,true],"1536x1536":["https:\/\/www.osmickasobe.cz\/wp-content\/uploads\/2022\/08\/Koalice_KDU-3.jpg",1500,1000,false],"2048x2048":["https:\/\/www.osmickasobe.cz\/wp-content\/uploads\/2022\/08\/Koalice_KDU-3.jpg",1500,1000,false],"post-thumbnail":["https:\/\/www.osmickasobe.cz\/wp-content\/uploads\/2022\/08\/Koalice_KDU-3-825x510.jpg",825,510,true]},"uagb_author_info":{"display_name":"osmickasob","author_link":"https:\/\/www.osmickasobe.cz\/index.php\/author\/osmickasob\/"},"uagb_comment_info":0,"uagb_excerpt":"Osmi\u010dka sob\u011b je jednak n\u00e1zev a jednak voln\u00e9 sdru\u017een\u00ed aktivn\u00edch lid\u00ed z Prahy 8, kte\u0159\u00ed usiluj\u00ed, usiluj\u00ed o to, aby Praha 8 byla p\u0159\u00e1telsk\u00fdm a lep\u0161\u00edm m\u00edstem k \u017eivotu. Osmi\u010dka sob\u011b vznikla v roce 2012 jako iniciativa lid\u00ed, kte\u0159\u00ed protestovali proti stavb\u011b radnice a obcho\u010f\u00e1ku na Palmovce bez projedn\u00e1n\u00ed s ob\u010dany a architektonick\u00e9 sout\u011b\u017ee. V&hellip;","_links":{"self":[{"href":"https:\/\/www.osmickasobe.cz\/index.php\/wp-json\/wp\/v2\/pages\/17"}],"collection":[{"href":"https:\/\/www.osmickasobe.cz\/index.php\/wp-json\/wp\/v2\/pages"}],"about":[{"href":"https:\/\/www.osmickasobe.cz\/index.php\/wp-json\/wp\/v2\/types\/page"}],"author":[{"embeddable":true,"href":"https:\/\/www.osmickasobe.cz\/index.php\/wp-json\/wp\/v2\/users\/1"}],"replies":[{"embeddable":true,"href":"https:\/\/www.osmickasobe.cz\/index.php\/wp-json\/wp\/v2\/comments?post=17"}],"version-history":[{"count":9,"href":"https:\/\/www.osmickasobe.cz\/index.php\/wp-json\/wp\/v2\/pages\/17\/revisions"}],"predecessor-version":[{"id":2532,"href":"https:\/\/www.osmickasobe.cz\/index.php\/wp-json\/wp\/v2\/pages\/17\/revisions\/2532"}],"wp:featuredmedia":[{"embeddable":true,"href":"https:\/\/www.osmickasobe.cz\/index.php\/wp-json\/wp\/v2\/media\/2501"}],"wp:attachment":[{"href":"https:\/\/www.osmickasobe.cz\/index.php\/wp-json\/wp\/v2\/media?parent=17"}],"curies":[{"name":"wp","href":"https:\/\/api.w.org\/{rel}","templated":true}]}}

O nás

<p>Osmička sobě je jednak název a jednak volné sdružení aktivních lidí z Prahy 8, kteří usilují, usilují o to, aby Praha 8 byla přátelským a lepším místem k životu.</p>



<p>Osmička sobě vznikla v roce 2012 jako iniciativa lidí, kteří protestovali proti stavbě radnice a obchoďáku na Palmovce bez projednání s občany a architektonické soutěže. V témže roce jsme se podíleli na petici proti této stavbě, kterou podepsalo více než 1 100 občanů. Společně s dalšími sousedy jsme začali sázet květiny na ulicích. Osmička sobě a petice proti stavbě radnice v Praze 8 inspirovaly k podobné aktivitě v Holešovicích a k založení Prahy 7 sobě. V roce 2014 šla Osmička sobě poprvé do voleb společně s KDU-ČSL a nestraníky a získala 4 mandáty. V roce 2018 zastřešila koalici Zelených, KDU-ČSL a nestraníků (zisk 3 mandátů).</p>

<p>Osmička sobě je jednak název a jednak volné sdružení aktivních lidí z Prahy 8, kteří usilují, usilují o to, aby Praha 8 byla přátelským a lepším místem k životu. Osmička sobě vznikla v roce 2012 jako iniciativa lidí, kteří protestovali proti stavbě radnice a obchoďáku na Palmovce bez projednání s občany a architektonické soutěže. V &hellip; <a href="https://www.osmickasobe.cz/index.php/o-nas/" class="more-link">Pokračování textu <span class="screen-reader-text">O nás</span></a></p>

Osmička sobě je jednak název a jednak volné sdružení aktivních lidí z Prahy 8, kteří usilují, usilují o to, aby Praha 8 byla přátelským a lepším místem k životu. Osmička sobě vznikla v roce 2012 jako iniciativa lidí, kteří protestovali proti stavbě radnice a obchoďáku na Palmovce bez projednání s občany a architektonické soutěže. V&hellip;
