{"id":2522,"date":"2022-08-31T15:09:18","date_gmt":"2022-08-31T15:09:18","guid":{"rendered":"https:\/\/www.osmickasobe.cz\/?page_id=2522"},"modified":"2022-08-31T15:09:18","modified_gmt":"2022-08-31T15:09:18","slug":"cinnost","status":"publish","type":"page","link":"https:\/\/www.osmickasobe.cz\/index.php\/cinnost\/","title":{"rendered":"\u010cinnost"},"content":{"rendered":"\n<p>Osmi\u010dka sob\u011b spolupracuje s KDU-\u010cS<\/p>\n\n\n\n<figure class=\"wp-block-image size-large\"><img loading=\"lazy\" width=\"1024\" height=\"730\" src=\"https:\/\/www.osmickasobe.cz\/wp-content\/uploads\/2022\/08\/KDU_Kalend-1024x730.png\" alt=\"\" class=\"wp-image-2524\" srcset=\"https:\/\/www.osmickasobe.cz\/wp-content\/uploads\/2022\/08\/KDU_Kalend-1024x730.png 1024w, https:\/\/www.osmickasobe.cz\/wp-content\/uploads\/2022\/08\/KDU_Kalend-300x214.png 300w, https:\/\/www.osmickasobe.cz\/wp-content\/uploads\/2022\/08\/KDU_Kalend-768x547.png 768w, https:\/\/www.osmickasobe.cz\/wp-content\/uploads\/2022\/08\/KDU_Kalend.png 1204w\" sizes=\"(max-width: 1024px) 100vw, 1024px\" \/><\/figure>\n","protected":false},"excerpt":{"rendered":"<p>Osmi\u010dka sob\u011b spolupracuje s KDU-\u010cS<\/p>\n","protected":false},"author":6,"featured_media":0,"parent":0,"menu_order":0,"comment_status":"closed","ping_status":"closed","template":"","meta":[],"uagb_featured_image_src":{"full":false,"thumbnail":false,"medium":false,"medium_large":false,"large":false,"1536x1536":false,"2048x2048":false,"post-thumbnail":false},"uagb_author_info":{"display_name":"Libor Libor","author_link":"https:\/\/www.osmickasobe.cz\/index.php\/author\/holy\/"},"uagb_comment_info":0,"uagb_excerpt":"Osmi\u010dka sob\u011b spolupracuje s KDU-\u010cS","_links":{"self":[{"href":"https:\/\/www.osmickasobe.cz\/index.php\/wp-json\/wp\/v2\/pages\/2522"}],"collection":[{"href":"https:\/\/www.osmickasobe.cz\/index.php\/wp-json\/wp\/v2\/pages"}],"about":[{"href":"https:\/\/www.osmickasobe.cz\/index.php\/wp-json\/wp\/v2\/types\/page"}],"author":[{"embeddable":true,"href":"https:\/\/www.osmickasobe.cz\/index.php\/wp-json\/wp\/v2\/users\/6"}],"replies":[{"embeddable":true,"href":"https:\/\/www.osmickasobe.cz\/index.php\/wp-json\/wp\/v2\/comments?post=2522"}],"version-history":[{"count":2,"href":"https:\/\/www.osmickasobe.cz\/index.php\/wp-json\/wp\/v2\/pages\/2522\/revisions"}],"predecessor-version":[{"id":2525,"href":"https:\/\/www.osmickasobe.cz\/index.php\/wp-json\/wp\/v2\/pages\/2522\/revisions\/2525"}],"wp:attachment":[{"href":"https:\/\/www.osmickasobe.cz\/index.php\/wp-json\/wp\/v2\/media?parent=2522"}],"curies":[{"name":"wp","href":"https:\/\/api.w.org\/{rel}","templated":true}]}}